of m?
3
Suppose -2*p + g + 14 = 2*p, 2*p + 4*g = -2. Suppose -3*y + 3*x = 12, 12 = -4*y + p*y + 3*x. Suppose y = -4*h, 0 + 9 = 3*b + 5*h. What is the units digit of b?
3
Suppose 25 = -6*x + 259. What is the tens digit of x?
3
Suppose 2*h + 0*h = 26. Suppose h - 1 = 4*f. Let a(m) = m**3 - m**2 - 2*m - 2. What is the units digit of a(f)?
0
Let q(i) = i**2 + 2*i + 1. Let l = -27 + 38. Let g = 7 - l. What is the units digit of q(g)?
9
Let b(u) be the second derivative of u**5/5 - 2*u. What is the units digit of b(1)?
4
Let k(u) = 3*u - 6. Suppose w = 2 + 4. What is the units digit of k(w)?
2
What is the units digit of (-6)/(-2) + (-24)/(-8)?
6
Suppose 280 = 2*q + 4*w, 2*w + 334 = 2*q + 42. What is the units digit of q?
4
Let b(c) = -56*c + 8. What is the hundreds digit of b(-3)?
1
Let j(q) = 4. Let b be (2 + -4)/((-2)/(-3)). Let u(c) = c - 4. Let d(o) = b*j(o) - 2*u(o). What is the units digit of d(-7)?
0
Let l = -11 - -18. Let n be l/4*8/2. Suppose 0 = 2*x + 3 - n. What is the units digit of x?
2
Suppose 4*s - 61 = 79. What is the units digit of s?
5
Suppose 5*u - u = -4*f + 16, 4*f - 20 = 0. Let s be 4 + (-2 - -1) + u. What is the units digit of s + 4/(2 - 1)?
6
Let p = -24 + 42. What is the tens digit of p?
1
What is the units digit of (-476)/(-6) - 9/27?
9
Let j = -91 - -249. What is the units digit of j?
8
Let o(b) = 4*b + 2. Let d be o(3). What is the units digit of (d/3)/(-2)*-3?
7
Let o(q) = -q**3 - q + 1. Let b(m) = 3*m**3 - 6*m**2 + 13*m - 4. Let z(x) = -b(x) - 4*o(x). What is the units digit of z(-7)?
4
What is the tens digit of 2*(5 - 783/(-6))?
7
Suppose -4*f + 3*y + 63 = 17, -3*f = 5*y - 20. What is the tens digit of f?
1
Let a = 28 - 26. Suppose -4*n = -a*n - 28. What is the tens digit of n?
1
Let i be ((-3)/(-2))/((-9)/132). What is the units digit of ((-2)/(-4))/((-1)/i)?
1
What is the units digit of 0 + 26 - (-1 + -2)?
9
Suppose 4*p - 232 = -g, -290 = -8*p + 3*p - 5*g. What is the tens digit of p?
5
Let d be ((-24)/2)/(6/9). Let g be 6/9*d/(-4). Suppose 5*i - 41 = -4*b, -i + 14 = -g*b - 2*b. What is the units digit of i?
9
Suppose x - 9 = -2*x. Let s = x - 4. What is the units digit of s + 0 + 0 + 5?
4
Let d = 13 + -11. What is the units digit of (-11)/2*(-4 + d)?
1
Suppose 0 = -0*d + 3*d. Let u(m) = 20*m - 2. Let c be u(3). Suppose d = 5*n + f + 4*f - 50, 0 = -4*n + 5*f + c. What is the tens digit of n?
1
What is the units digit of (-2)/1*1185/(-30)?
9
Let j(a) = a**3 - 18*a**2 + 5*a + 4. What is the tens digit of j(18)?
9
Suppose -10 = -3*o + g, 6*o - 5*g = 2*o - 5. What is the units digit of o?
5
Suppose p = 5*p + 5*n - 163, 5*n = -5. Let m = p + -29. What is the units digit of m?
3
Suppose -2*d = -5*d + 24. Let o = 13 + d. What is the units digit of o?
1
Let q(c) = 5*c**2 - 2*c + 1. Let l be q(1). Suppose -l*j = -91 - 101. Suppose -2*i - 2*i + j = 0. What is the units digit of i?
2
Let z = -292 + 413. Suppose 4*u + o - 4*o = z, -4*u + 2*o = -122. What is the tens digit of u?
3
Suppose 0 = 3*s + 3*a - 3, -4*s - 3*a + 1 = -2*s. Suppose -s*t - m = 0, -3*t = -5*t - 2*m. Suppose t = 5*l - l - 52. What is the tens digit of l?
1
Suppose 40 = 12*w - 11*w. What is the tens digit of w?
4
Let s be (-3)/6 - 5/(-2). Let i(k) = -2*k + 5 - s - 3*k**2 - k**3 + 7*k**2. What is the units digit of i(3)?
6
Suppose 5*i - 117 = -7. What is the units digit of i?
2
Suppose -345 = -4*t - 3*g, -7*t + 2*t + 4*g + 439 = 0. What is the tens digit of t?
8
Let j(u) = -u - 2. Let k be j(-2). Suppose k = -4*g + 4 + 4. Suppose g*r + 5*q - 16 = r, -8 = -4*q. What is the units digit of r?
6
Let m(x) = x**3 + 10*x**2 - x - 8. What is the units digit of m(-10)?
2
What is the units digit of ((-6)/(-5))/((-6)/(-15))?
3
Let k(l) = -l**3 - 7*l**2 + 6*l - 1. What is the tens digit of k(-8)?
1
What is the tens digit of -18 + 22 + (0 - -12)?
1
Let n = 21 + -87. Let t = n + 99. What is the units digit of t?
3
Let x(c) = -2*c + 8. What is the tens digit of x(-9)?
2
Let l(o) = -o - 2. Let k be l(-4). Suppose 6*m - 72 = k*m. What is the units digit of m?
8
Let i(t) = -t**3 - 6*t**2 - 8*t + 4. What is the units digit of i(-7)?
9
Let t be ((5 - 2) + 3)/1. Suppose -5*n = -t*n + 11. What is the units digit of n?
1
Let r = 68 + -38. What is the tens digit of r?
3
Let n = -4 - -5. Let k(h) be the second derivative of 7*h**3/6 - 3*h. What is the units digit of k(n)?
7
Let m be 6/(-9)*(-3 - -9). What is the units digit of (2/2)/((-2)/m)?
2
What is the tens digit of (-5)/((-25)/34)*5?
3
Let b(x) = x**3 - 8*x**2 - 10*x + 12. Let v be b(9). Suppose -t - 1 + v = 0. Suppose 2*z + 2 = 0, 1 + 7 = 3*c - t*z. What is the units digit of c?
2
Let r = 82 + -28. What is the units digit of r?
4
Let o be 20/9 + 2/(-9). Let q(z) = -o*z - 3 + z - z. What is the units digit of q(-4)?
5
Suppose -6*c + 655 = -47. What is the hundreds digit of c?
1
Let w(i) = -29*i**2 + 1. Suppose 4*v + 1 = -3. Let p be w(v). What is the units digit of (0 - -1)/((-4)/p)?
7
Let y = 964 - 676. What is the hundreds digit of y?
2
Let g = 1 + 1. Let d be (2/(-3))/(g/78). What is the tens digit of -3*(1 + d/6)?
1
Suppose -3*h - 3*t + 111 = 0, 5*t = -h + 33 + 12. What is the units digit of (-1)/5 + 812/h?
3
Let q be (-2)/(-6) + (-16)/(-6). Suppose 0 = 3*t - q - 0. What is the units digit of 0/(-1) + t + 1?
2
Let y(g) = 120*g**2 - g - 2. What is the tens digit of y(-1)?
1
Let q(g) = g**2 + 11*g + 15. Let m(t) = 11*t + 1. Let l be m(-1). Let n be q(l). Suppose -3*j - 3*y + 15 = y, -30 = -n*j - 5*y. What is the units digit of j?
9
Let o = 77 - -132. What is the tens digit of o?
0
Let p = 32 + -25. Let x = p - -3. What is the units digit of x?
0
Suppose 0*z + 3*z - 84 = 0. What is the tens digit of z?
2
Suppose 4*w + 174 = g, w = -g - 0*g + 154. What is the hundreds digit of g?
1
Let c = 5 - 3. Suppose 0 = -4*j + 6*j - 8. Suppose 0 = -k - 3*f + 10, -3*f = -c*k + j*k - 20. What is the tens digit of k?
1
Suppose -m + 101 = 2*l, 0 = -2*m + 6*l - 2*l + 178. What is the tens digit of -3 + 0 - m/(-5)?
1
Suppose 3*z - 25 = 5*q, -6*q - 8 = -2*q. Suppose n - z = 6. What is the units digit of n?
1
Suppose 37 - 584 = -3*s + a, -s = -5*a - 173. What is the units digit of s?
3
What is the units digit of (28/70)/(181/180 + -1)?
2
Let a = 5 - 3. Let r be (2/a - 2) + 4. Suppose p + 6 = r*p. What is the units digit of p?
3
Let i(r) = -r**3 + 8*r**2 + 2*r - 4. Let l = 2 + 0. Let q be l/(((-1)/4)/(-1)). What is the units digit of i(q)?
2
Let q(r) = -4*r - 1. Suppose 5*l - l - 5*f = 14, -3*f - 8 = -2*l. Let i be q(l). What is the units digit of 56/10 + (-2)/i?
6
Let o(c) = c**2 - 2*c - 12. What is the units digit of o(13)?
1
What is the tens digit of ((-248)/16)/((-1)/26)?
0
Let d = 14 - 8. Let r = d - 5. What is the units digit of 3*(r + 2/6)?
4
Let m be (92/6)/(5/(-15)). Let l = -10 - m. What is the tens digit of l?
3
Let l = 12 + 2. What is the tens digit of l?
1
Let y(u) = u**2 - 2. Let i be y(2). Suppose 0 = -2*q - 6 + i. What is the units digit of (1 + (q - -2))/1?
1
Let r(n) = -n**2 - 31*n + 80. What is the tens digit of r(-29)?
3
Let d(q) = -4*q - 2. Let y be d(-3). Suppose 43 - y = 3*f. Suppose g = -5*u + 15 + f, -3*u + 3*g = -12. What is the units digit of u?
5
Suppose 2*o - 3*g - 6 = -o, 0 = -2*o - 4*g - 20. What is the tens digit of o/(-4) - 21/(-2)?
1
Suppose -4*v = 4*d - 168, 5*d + 0*d - 2*v - 217 = 0. What is the units digit of d?
3
Let u(g) be the third derivative of 1/2*g**3 + 1/24*g**4 + 0 - 3*g**2 + 0*g. What is the tens digit of u(7)?
1
Let i = -5 + 3. What is the tens digit of i + 0 + 14 + -1?
1
Let b be (-2)/((-2)/(-15)*-3). Suppose 5*i - 2 = -3*a, a + 5*i - 9 = 5. What is the units digit of (-4)/(b/(45/a))?
6
What is the tens digit of 0/1 + (-684)/(1 - 5)?
7
Suppose 0*z + 84 = 4*z. Let o be (16/12)/(4/6). Suppose -o*f + z + 7 = 0. What is the units digit of f?
4
Let w(u) be the third derivative of u**4/6 - u**3 + u**2. What is the units digit of w(8)?
6
Let a = -56 - -96. What is the units digit of a?
0
Let r = 90 + -76. What is the units digit of r?
4
Let n = -14 + 15. What is the tens digit of (-12)/(n/(8/(-6)))?
1
Suppose -5*n + 48 + 7 = 0. Suppose 74 = 5*c - 2*j, -5*j + n + 20 = c. What is the tens digit of c?
1
Suppose 0*t + 9 = 4*y + t, -2 = y - 4*t. Let r be (2 - 3) + 5 - y. Suppose -r*o + 17 = -5. What is the tens